{"id":233,"date":"2020-12-03T12:38:41","date_gmt":"2020-12-03T12:38:41","guid":{"rendered":"https:\/\/tecmur2.es\/?post_type=product&#038;p=233"},"modified":"2020-12-14T21:43:34","modified_gmt":"2020-12-14T21:43:34","slug":"previatria-t2-lavpre","status":"publish","type":"product","link":"https:\/\/tecmur2.es\/?product=previatria-t2-lavpre","title":{"rendered":"PREVIATRIA T2-LAVPRE"},"content":{"rendered":"<p>Nuestra lavadora previatr\u00eda de rodillos ha sido dise\u00f1ado para elevar cualquier tipo de fruta desde una peque\u00f1a balsa situada en su parte inferior hasta una altura determinada. Tiene como funci\u00f3n principal hacer un primer cribado de la suciedad y elementos no deseados a la vez que eleva el producto. Esto lo consigue utilizando como soporte del elevador unos rodillos separados por una peque\u00f1a distancia por la cual los elementos no deseados se cuelan ayudados por un chorro de agua que va enfocado hacia el producto.<br \/>\nEn la parte superior del elevador, adem\u00e1s de las duchas que lavan el producto, dispone-mos tambi\u00e9n de secadores o sopladores de l\u00e1mina de aire accionados por una turbina. De esta manera eliminamos el agua del producto previamente lavado y se eliminan restos indeseados que hayan podido quedar. Los difusores de aire son dise\u00f1o exclusivo de Tecmur2.<\/p>\n","protected":false},"excerpt":{"rendered":"<p>Nuestra lavadora previatr\u00eda de rodillos ha sido dise\u00f1ado para elevar cualquier tipo de fruta desde una peque\u00f1a balsa situada en su parte inferior hasta una altura determinada. Tiene como funci\u00f3n principal hacer un primer cribado de la suciedad y elementos no deseados a la vez que eleva el producto. Esto lo consigue utilizando como soporte [&hellip;]<\/p>\n","protected":false},"featured_media":320,"comment_status":"open","ping_status":"closed","template":"","meta":[],"product_cat":[16,31],"product_tag":[],"yoast_head":"<!-- This site is optimized with the Yoast SEO plugin v20.12 - https:\/\/yoast.com\/wordpress\/plugins\/seo\/ -->\n<title>PREVIATRIA T2-LAVPRE - Tecmur 2 S.L.<\/title>\n<meta name=\"robots\" content=\"index, follow, max-snippet:-1, max-image-preview:large, max-video-preview:-1\" \/>\n<link rel=\"canonical\" href=\"https:\/\/tecmur2.es\/producto\/previatria-t2-lavpre\/\" \/>\n<meta property=\"og:locale\" content=\"es_ES\" \/>\n<meta property=\"og:type\" content=\"article\" \/>\n<meta property=\"og:title\" content=\"PREVIATRIA T2-LAVPRE - Tecmur 2 S.L.\" \/>\n<meta property=\"og:description\" content=\"Nuestra lavadora previatr\u00eda de rodillos ha sido dise\u00f1ado para elevar cualquier tipo de fruta desde una peque\u00f1a balsa situada en su parte inferior hasta una altura determinada. Tiene como funci\u00f3n principal hacer un primer cribado de la suciedad y elementos no deseados a la vez que eleva el producto. Esto lo consigue utilizando como soporte [&hellip;]\" \/>\n<meta property=\"og:url\" content=\"https:\/\/tecmur2.es\/producto\/previatria-t2-lavpre\/\" \/>\n<meta property=\"og:site_name\" content=\"Tecmur 2 S.L.\" \/>\n<meta property=\"article:modified_time\" content=\"2020-12-14T21:43:34+00:00\" \/>\n<meta property=\"og:image\" content=\"https:\/\/tecmur2.es\/wp-content\/uploads\/2020\/12\/LAVADORA-PREVIATRIA-1-e1607982205458.png\" \/>\n\t<meta property=\"og:image:width\" content=\"1000\" \/>\n\t<meta property=\"og:image:height\" content=\"720\" \/>\n\t<meta property=\"og:image:type\" content=\"image\/png\" \/>\n<meta name=\"twitter:card\" content=\"summary_large_image\" \/>\n<meta name=\"twitter:label1\" content=\"Tiempo de lectura\" \/>\n\t<meta name=\"twitter:data1\" content=\"1 minuto\" \/>\n<script type=\"application\/ld+json\" class=\"yoast-schema-graph\">{\"@context\":\"https:\/\/schema.org\",\"@graph\":[{\"@type\":\"WebPage\",\"@id\":\"https:\/\/tecmur2.es\/producto\/previatria-t2-lavpre\/\",\"url\":\"https:\/\/tecmur2.es\/producto\/previatria-t2-lavpre\/\",\"name\":\"PREVIATRIA T2-LAVPRE - Tecmur 2 S.L.\",\"isPartOf\":{\"@id\":\"https:\/\/tecmur2.es\/#website\"},\"datePublished\":\"2020-12-03T12:38:41+00:00\",\"dateModified\":\"2020-12-14T21:43:34+00:00\",\"breadcrumb\":{\"@id\":\"https:\/\/tecmur2.es\/producto\/previatria-t2-lavpre\/#breadcrumb\"},\"inLanguage\":\"es\",\"potentialAction\":[{\"@type\":\"ReadAction\",\"target\":[\"https:\/\/tecmur2.es\/producto\/previatria-t2-lavpre\/\"]}]},{\"@type\":\"BreadcrumbList\",\"@id\":\"https:\/\/tecmur2.es\/producto\/previatria-t2-lavpre\/#breadcrumb\",\"itemListElement\":[{\"@type\":\"ListItem\",\"position\":1,\"name\":\"Portada\",\"item\":\"https:\/\/tecmur2.es\/\"},{\"@type\":\"ListItem\",\"position\":2,\"name\":\"Tienda\",\"item\":\"https:\/\/tecmur2.es\/?page_id=6\"},{\"@type\":\"ListItem\",\"position\":3,\"name\":\"PREVIATRIA T2-LAVPRE\"}]},{\"@type\":\"WebSite\",\"@id\":\"https:\/\/tecmur2.es\/#website\",\"url\":\"https:\/\/tecmur2.es\/\",\"name\":\"Tecmur 2 S.L.\",\"description\":\"Maquinaria para la alimentaci\u00f3n\",\"publisher\":{\"@id\":\"https:\/\/tecmur2.es\/#organization\"},\"potentialAction\":[{\"@type\":\"SearchAction\",\"target\":{\"@type\":\"EntryPoint\",\"urlTemplate\":\"https:\/\/tecmur2.es\/?s={search_term_string}\"},\"query-input\":\"required name=search_term_string\"}],\"inLanguage\":\"es\"},{\"@type\":\"Organization\",\"@id\":\"https:\/\/tecmur2.es\/#organization\",\"name\":\"Tecmur 2 S.L.\",\"url\":\"https:\/\/tecmur2.es\/\",\"logo\":{\"@type\":\"ImageObject\",\"inLanguage\":\"es\",\"@id\":\"https:\/\/tecmur2.es\/#\/schema\/logo\/image\/\",\"url\":\"https:\/\/tecmur2.es\/wp-content\/uploads\/2022\/10\/logo_tecmur2_verde.jpg\",\"contentUrl\":\"https:\/\/tecmur2.es\/wp-content\/uploads\/2022\/10\/logo_tecmur2_verde.jpg\",\"width\":2283,\"height\":539,\"caption\":\"Tecmur 2 S.L.\"},\"image\":{\"@id\":\"https:\/\/tecmur2.es\/#\/schema\/logo\/image\/\"}}]}<\/script>\n<!-- \/ Yoast SEO plugin. -->","yoast_head_json":{"title":"PREVIATRIA T2-LAVPRE - Tecmur 2 S.L.","robots":{"index":"index","follow":"follow","max-snippet":"max-snippet:-1","max-image-preview":"max-image-preview:large","max-video-preview":"max-video-preview:-1"},"canonical":"https:\/\/tecmur2.es\/producto\/previatria-t2-lavpre\/","og_locale":"es_ES","og_type":"article","og_title":"PREVIATRIA T2-LAVPRE - Tecmur 2 S.L.","og_description":"Nuestra lavadora previatr\u00eda de rodillos ha sido dise\u00f1ado para elevar cualquier tipo de fruta desde una peque\u00f1a balsa situada en su parte inferior hasta una altura determinada. Tiene como funci\u00f3n principal hacer un primer cribado de la suciedad y elementos no deseados a la vez que eleva el producto. Esto lo consigue utilizando como soporte [&hellip;]","og_url":"https:\/\/tecmur2.es\/producto\/previatria-t2-lavpre\/","og_site_name":"Tecmur 2 S.L.","article_modified_time":"2020-12-14T21:43:34+00:00","og_image":[{"width":1000,"height":720,"url":"https:\/\/tecmur2.es\/wp-content\/uploads\/2020\/12\/LAVADORA-PREVIATRIA-1-e1607982205458.png","type":"image\/png"}],"twitter_card":"summary_large_image","twitter_misc":{"Tiempo de lectura":"1 minuto"},"schema":{"@context":"https:\/\/schema.org","@graph":[{"@type":"WebPage","@id":"https:\/\/tecmur2.es\/producto\/previatria-t2-lavpre\/","url":"https:\/\/tecmur2.es\/producto\/previatria-t2-lavpre\/","name":"PREVIATRIA T2-LAVPRE - Tecmur 2 S.L.","isPartOf":{"@id":"https:\/\/tecmur2.es\/#website"},"datePublished":"2020-12-03T12:38:41+00:00","dateModified":"2020-12-14T21:43:34+00:00","breadcrumb":{"@id":"https:\/\/tecmur2.es\/producto\/previatria-t2-lavpre\/#breadcrumb"},"inLanguage":"es","potentialAction":[{"@type":"ReadAction","target":["https:\/\/tecmur2.es\/producto\/previatria-t2-lavpre\/"]}]},{"@type":"BreadcrumbList","@id":"https:\/\/tecmur2.es\/producto\/previatria-t2-lavpre\/#breadcrumb","itemListElement":[{"@type":"ListItem","position":1,"name":"Portada","item":"https:\/\/tecmur2.es\/"},{"@type":"ListItem","position":2,"name":"Tienda","item":"https:\/\/tecmur2.es\/?page_id=6"},{"@type":"ListItem","position":3,"name":"PREVIATRIA T2-LAVPRE"}]},{"@type":"WebSite","@id":"https:\/\/tecmur2.es\/#website","url":"https:\/\/tecmur2.es\/","name":"Tecmur 2 S.L.","description":"Maquinaria para la alimentaci\u00f3n","publisher":{"@id":"https:\/\/tecmur2.es\/#organization"},"potentialAction":[{"@type":"SearchAction","target":{"@type":"EntryPoint","urlTemplate":"https:\/\/tecmur2.es\/?s={search_term_string}"},"query-input":"required name=search_term_string"}],"inLanguage":"es"},{"@type":"Organization","@id":"https:\/\/tecmur2.es\/#organization","name":"Tecmur 2 S.L.","url":"https:\/\/tecmur2.es\/","logo":{"@type":"ImageObject","inLanguage":"es","@id":"https:\/\/tecmur2.es\/#\/schema\/logo\/image\/","url":"https:\/\/tecmur2.es\/wp-content\/uploads\/2022\/10\/logo_tecmur2_verde.jpg","contentUrl":"https:\/\/tecmur2.es\/wp-content\/uploads\/2022\/10\/logo_tecmur2_verde.jpg","width":2283,"height":539,"caption":"Tecmur 2 S.L."},"image":{"@id":"https:\/\/tecmur2.es\/#\/schema\/logo\/image\/"}}]}},"_links":{"self":[{"href":"https:\/\/tecmur2.es\/index.php?rest_route=\/wp\/v2\/product\/233"}],"collection":[{"href":"https:\/\/tecmur2.es\/index.php?rest_route=\/wp\/v2\/product"}],"about":[{"href":"https:\/\/tecmur2.es\/index.php?rest_route=\/wp\/v2\/types\/product"}],"replies":[{"embeddable":true,"href":"https:\/\/tecmur2.es\/index.php?rest_route=%2Fwp%2Fv2%2Fcomments&post=233"}],"wp:featuredmedia":[{"embeddable":true,"href":"https:\/\/tecmur2.es\/index.php?rest_route=\/wp\/v2\/media\/320"}],"wp:attachment":[{"href":"https:\/\/tecmur2.es\/index.php?rest_route=%2Fwp%2Fv2%2Fmedia&parent=233"}],"wp:term":[{"taxonomy":"product_cat","embeddable":true,"href":"https:\/\/tecmur2.es\/index.php?rest_route=%2Fwp%2Fv2%2Fproduct_cat&post=233"},{"taxonomy":"product_tag","embeddable":true,"href":"https:\/\/tecmur2.es\/index.php?rest_route=%2Fwp%2Fv2%2Fproduct_tag&post=233"}],"curies":[{"name":"wp","href":"https:\/\/api.w.org\/{rel}","templated":true}]}}