{"id":145,"date":"2020-11-11T13:16:50","date_gmt":"2020-11-11T13:16:50","guid":{"rendered":"https:\/\/tecmur2.es\/?post_type=product&#038;p=145"},"modified":"2020-12-14T21:57:44","modified_gmt":"2020-12-14T21:57:44","slug":"camino-de-rodillos-t2","status":"publish","type":"product","link":"https:\/\/tecmur2.es\/?product=camino-de-rodillos-t2","title":{"rendered":"CAMINO DE RODILLOS T2"},"content":{"rendered":"<p>La utilizaci\u00f3n de este transportador es apropiada para todo tipo de industria. Presenta adem\u00e1s por su dise\u00f1o, facilidades para incorporar cualquier tipo de automatizado adicional. Este modelo se fabrica tambi\u00e9n en forma curva para toda actividad en la que se precisen giros o movimientos no lineales sin necesidad de intervenci\u00f3n de ning\u00fan operario. Los rodillos de transporte y la distancia entre ellos se determinan de acuerdo al producto a transportar, sus dimensiones y peso. Los anchos y calidades de fabricaci\u00f3n (acero al carbono, acero inoxidable, etc.) son adaptables a todo tipo de necesidades, as\u00ed como a las diferentes disposiciones de trabajo.<\/p>\n","protected":false},"excerpt":{"rendered":"<p>La utilizaci\u00f3n de este transportador es apropiada para todo tipo de industria. Presenta adem\u00e1s por su dise\u00f1o, facilidades para incorporar cualquier tipo de automatizado adicional. Este modelo se fabrica tambi\u00e9n en forma curva para toda actividad en la que se precisen giros o movimientos no lineales sin necesidad de intervenci\u00f3n de ning\u00fan operario. Los rodillos [&hellip;]<\/p>\n","protected":false},"featured_media":533,"comment_status":"open","ping_status":"closed","template":"","meta":[],"product_cat":[16,37],"product_tag":[],"yoast_head":"<!-- This site is optimized with the Yoast SEO plugin v20.12 - https:\/\/yoast.com\/wordpress\/plugins\/seo\/ -->\n<title>CAMINO DE RODILLOS T2 - Tecmur 2 S.L.<\/title>\n<meta name=\"robots\" content=\"index, follow, max-snippet:-1, max-image-preview:large, max-video-preview:-1\" \/>\n<link rel=\"canonical\" href=\"https:\/\/tecmur2.es\/producto\/camino-de-rodillos-t2\/\" \/>\n<meta property=\"og:locale\" content=\"es_ES\" \/>\n<meta property=\"og:type\" content=\"article\" \/>\n<meta property=\"og:title\" content=\"CAMINO DE RODILLOS T2 - Tecmur 2 S.L.\" \/>\n<meta property=\"og:description\" content=\"La utilizaci\u00f3n de este transportador es apropiada para todo tipo de industria. Presenta adem\u00e1s por su dise\u00f1o, facilidades para incorporar cualquier tipo de automatizado adicional. Este modelo se fabrica tambi\u00e9n en forma curva para toda actividad en la que se precisen giros o movimientos no lineales sin necesidad de intervenci\u00f3n de ning\u00fan operario. Los rodillos [&hellip;]\" \/>\n<meta property=\"og:url\" content=\"https:\/\/tecmur2.es\/producto\/camino-de-rodillos-t2\/\" \/>\n<meta property=\"og:site_name\" content=\"Tecmur 2 S.L.\" \/>\n<meta property=\"article:modified_time\" content=\"2020-12-14T21:57:44+00:00\" \/>\n<meta property=\"og:image\" content=\"https:\/\/tecmur2.es\/wp-content\/uploads\/2020\/11\/CAMINO-DE-RODILLOS-T2-e1607983055463.jpg\" \/>\n\t<meta property=\"og:image:width\" content=\"530\" \/>\n\t<meta property=\"og:image:height\" content=\"562\" \/>\n\t<meta property=\"og:image:type\" content=\"image\/jpeg\" \/>\n<meta name=\"twitter:card\" content=\"summary_large_image\" \/>\n<meta name=\"twitter:label1\" content=\"Tiempo de lectura\" \/>\n\t<meta name=\"twitter:data1\" content=\"1 minuto\" \/>\n<script type=\"application\/ld+json\" class=\"yoast-schema-graph\">{\"@context\":\"https:\/\/schema.org\",\"@graph\":[{\"@type\":\"WebPage\",\"@id\":\"https:\/\/tecmur2.es\/producto\/camino-de-rodillos-t2\/\",\"url\":\"https:\/\/tecmur2.es\/producto\/camino-de-rodillos-t2\/\",\"name\":\"CAMINO DE RODILLOS T2 - Tecmur 2 S.L.\",\"isPartOf\":{\"@id\":\"https:\/\/tecmur2.es\/#website\"},\"datePublished\":\"2020-11-11T13:16:50+00:00\",\"dateModified\":\"2020-12-14T21:57:44+00:00\",\"breadcrumb\":{\"@id\":\"https:\/\/tecmur2.es\/producto\/camino-de-rodillos-t2\/#breadcrumb\"},\"inLanguage\":\"es\",\"potentialAction\":[{\"@type\":\"ReadAction\",\"target\":[\"https:\/\/tecmur2.es\/producto\/camino-de-rodillos-t2\/\"]}]},{\"@type\":\"BreadcrumbList\",\"@id\":\"https:\/\/tecmur2.es\/producto\/camino-de-rodillos-t2\/#breadcrumb\",\"itemListElement\":[{\"@type\":\"ListItem\",\"position\":1,\"name\":\"Portada\",\"item\":\"https:\/\/tecmur2.es\/\"},{\"@type\":\"ListItem\",\"position\":2,\"name\":\"Tienda\",\"item\":\"https:\/\/tecmur2.es\/?page_id=6\"},{\"@type\":\"ListItem\",\"position\":3,\"name\":\"CAMINO DE RODILLOS T2\"}]},{\"@type\":\"WebSite\",\"@id\":\"https:\/\/tecmur2.es\/#website\",\"url\":\"https:\/\/tecmur2.es\/\",\"name\":\"Tecmur 2 S.L.\",\"description\":\"Maquinaria para la alimentaci\u00f3n\",\"publisher\":{\"@id\":\"https:\/\/tecmur2.es\/#organization\"},\"potentialAction\":[{\"@type\":\"SearchAction\",\"target\":{\"@type\":\"EntryPoint\",\"urlTemplate\":\"https:\/\/tecmur2.es\/?s={search_term_string}\"},\"query-input\":\"required name=search_term_string\"}],\"inLanguage\":\"es\"},{\"@type\":\"Organization\",\"@id\":\"https:\/\/tecmur2.es\/#organization\",\"name\":\"Tecmur 2 S.L.\",\"url\":\"https:\/\/tecmur2.es\/\",\"logo\":{\"@type\":\"ImageObject\",\"inLanguage\":\"es\",\"@id\":\"https:\/\/tecmur2.es\/#\/schema\/logo\/image\/\",\"url\":\"https:\/\/tecmur2.es\/wp-content\/uploads\/2022\/10\/logo_tecmur2_verde.jpg\",\"contentUrl\":\"https:\/\/tecmur2.es\/wp-content\/uploads\/2022\/10\/logo_tecmur2_verde.jpg\",\"width\":2283,\"height\":539,\"caption\":\"Tecmur 2 S.L.\"},\"image\":{\"@id\":\"https:\/\/tecmur2.es\/#\/schema\/logo\/image\/\"}}]}<\/script>\n<!-- \/ Yoast SEO plugin. -->","yoast_head_json":{"title":"CAMINO DE RODILLOS T2 - Tecmur 2 S.L.","robots":{"index":"index","follow":"follow","max-snippet":"max-snippet:-1","max-image-preview":"max-image-preview:large","max-video-preview":"max-video-preview:-1"},"canonical":"https:\/\/tecmur2.es\/producto\/camino-de-rodillos-t2\/","og_locale":"es_ES","og_type":"article","og_title":"CAMINO DE RODILLOS T2 - Tecmur 2 S.L.","og_description":"La utilizaci\u00f3n de este transportador es apropiada para todo tipo de industria. Presenta adem\u00e1s por su dise\u00f1o, facilidades para incorporar cualquier tipo de automatizado adicional. Este modelo se fabrica tambi\u00e9n en forma curva para toda actividad en la que se precisen giros o movimientos no lineales sin necesidad de intervenci\u00f3n de ning\u00fan operario. Los rodillos [&hellip;]","og_url":"https:\/\/tecmur2.es\/producto\/camino-de-rodillos-t2\/","og_site_name":"Tecmur 2 S.L.","article_modified_time":"2020-12-14T21:57:44+00:00","og_image":[{"width":530,"height":562,"url":"https:\/\/tecmur2.es\/wp-content\/uploads\/2020\/11\/CAMINO-DE-RODILLOS-T2-e1607983055463.jpg","type":"image\/jpeg"}],"twitter_card":"summary_large_image","twitter_misc":{"Tiempo de lectura":"1 minuto"},"schema":{"@context":"https:\/\/schema.org","@graph":[{"@type":"WebPage","@id":"https:\/\/tecmur2.es\/producto\/camino-de-rodillos-t2\/","url":"https:\/\/tecmur2.es\/producto\/camino-de-rodillos-t2\/","name":"CAMINO DE RODILLOS T2 - Tecmur 2 S.L.","isPartOf":{"@id":"https:\/\/tecmur2.es\/#website"},"datePublished":"2020-11-11T13:16:50+00:00","dateModified":"2020-12-14T21:57:44+00:00","breadcrumb":{"@id":"https:\/\/tecmur2.es\/producto\/camino-de-rodillos-t2\/#breadcrumb"},"inLanguage":"es","potentialAction":[{"@type":"ReadAction","target":["https:\/\/tecmur2.es\/producto\/camino-de-rodillos-t2\/"]}]},{"@type":"BreadcrumbList","@id":"https:\/\/tecmur2.es\/producto\/camino-de-rodillos-t2\/#breadcrumb","itemListElement":[{"@type":"ListItem","position":1,"name":"Portada","item":"https:\/\/tecmur2.es\/"},{"@type":"ListItem","position":2,"name":"Tienda","item":"https:\/\/tecmur2.es\/?page_id=6"},{"@type":"ListItem","position":3,"name":"CAMINO DE RODILLOS T2"}]},{"@type":"WebSite","@id":"https:\/\/tecmur2.es\/#website","url":"https:\/\/tecmur2.es\/","name":"Tecmur 2 S.L.","description":"Maquinaria para la alimentaci\u00f3n","publisher":{"@id":"https:\/\/tecmur2.es\/#organization"},"potentialAction":[{"@type":"SearchAction","target":{"@type":"EntryPoint","urlTemplate":"https:\/\/tecmur2.es\/?s={search_term_string}"},"query-input":"required name=search_term_string"}],"inLanguage":"es"},{"@type":"Organization","@id":"https:\/\/tecmur2.es\/#organization","name":"Tecmur 2 S.L.","url":"https:\/\/tecmur2.es\/","logo":{"@type":"ImageObject","inLanguage":"es","@id":"https:\/\/tecmur2.es\/#\/schema\/logo\/image\/","url":"https:\/\/tecmur2.es\/wp-content\/uploads\/2022\/10\/logo_tecmur2_verde.jpg","contentUrl":"https:\/\/tecmur2.es\/wp-content\/uploads\/2022\/10\/logo_tecmur2_verde.jpg","width":2283,"height":539,"caption":"Tecmur 2 S.L."},"image":{"@id":"https:\/\/tecmur2.es\/#\/schema\/logo\/image\/"}}]}},"_links":{"self":[{"href":"https:\/\/tecmur2.es\/index.php?rest_route=\/wp\/v2\/product\/145"}],"collection":[{"href":"https:\/\/tecmur2.es\/index.php?rest_route=\/wp\/v2\/product"}],"about":[{"href":"https:\/\/tecmur2.es\/index.php?rest_route=\/wp\/v2\/types\/product"}],"replies":[{"embeddable":true,"href":"https:\/\/tecmur2.es\/index.php?rest_route=%2Fwp%2Fv2%2Fcomments&post=145"}],"wp:featuredmedia":[{"embeddable":true,"href":"https:\/\/tecmur2.es\/index.php?rest_route=\/wp\/v2\/media\/533"}],"wp:attachment":[{"href":"https:\/\/tecmur2.es\/index.php?rest_route=%2Fwp%2Fv2%2Fmedia&parent=145"}],"wp:term":[{"taxonomy":"product_cat","embeddable":true,"href":"https:\/\/tecmur2.es\/index.php?rest_route=%2Fwp%2Fv2%2Fproduct_cat&post=145"},{"taxonomy":"product_tag","embeddable":true,"href":"https:\/\/tecmur2.es\/index.php?rest_route=%2Fwp%2Fv2%2Fproduct_tag&post=145"}],"curies":[{"name":"wp","href":"https:\/\/api.w.org\/{rel}","templated":true}]}}